{"id":739,"date":"2021-10-13T08:25:08","date_gmt":"2021-10-13T11:25:08","guid":{"rendered":"https:\/\/piedrasblancas-gob-ar-843854.hostingersite.com\/?page_id=739"},"modified":"2025-10-17T10:56:52","modified_gmt":"2025-10-17T13:56:52","slug":"licitaciones","status":"publish","type":"page","link":"https:\/\/piedrasblancas.gob.ar\/?page_id=739","title":{"rendered":"Licitaciones\/Cotejos"},"content":{"rendered":"\n<h6 class=\"wp-block-heading\"><strong>Cotejo de precios 6\/2025- Concesi\u00f3n y Explotaci\u00f3n Cantina de El Saucedal<\/strong><\/h6>\n\n\n\n<div class=\"wp-block-buttons is-layout-flex wp-block-buttons-is-layout-flex\">\n<div class=\"wp-block-button\"><a class=\"wp-block-button__link wp-element-button\" href=\"https:\/\/piedrasblancas.gob.ar\/wp-content\/uploads\/2025\/10\/PLIEGO-DE-CONDICIONES-PARA-LA-EXPLOTACION-DE-LA-CANTINA-EL-SAUCEDAL-cotejo-06.pdf\"><strong>VER \/ DESCARGAR <\/strong>PLIEGO DE CONDICIONES<\/a><\/div>\n<\/div>\n\n\n\n<h6 class=\"wp-block-heading\"><strong>Cotejo de precios 5\/2025- Concesi\u00f3n y Explotaci\u00f3n Cantina de El Saucedal<\/strong><\/h6>\n\n\n\n<div class=\"wp-block-buttons is-layout-flex wp-block-buttons-is-layout-flex\">\n<div class=\"wp-block-button\"><a class=\"wp-block-button__link wp-element-button\" href=\"https:\/\/piedrasblancas.gob.ar\/wp-content\/uploads\/2025\/10\/PLIEGO-DE-CONDICIONES-PARA-LA-EXPLOTACION-DE-LA-CANTINA-EL-SAUCEDAL-2.pdf\"><strong>VER \/ DESCARGAR <\/strong>PLIEGO DE CONDICIONES<\/a><\/div>\n<\/div>\n\n\n\n<h6 class=\"wp-block-heading\"><strong>Cotejo de precios 4\/2025- Concesi\u00f3n y Explotaci\u00f3n Cantina de El Saucedal<\/strong><\/h6>\n\n\n\n<div class=\"wp-block-buttons is-layout-flex wp-block-buttons-is-layout-flex\">\n<div class=\"wp-block-button\"><a class=\"wp-block-button__link wp-element-button\" href=\"https:\/\/piedrasblancas.gob.ar\/wp-content\/uploads\/2025\/09\/PLIEGO-DE-CONDICIONES-PARA-LA-EXPLOTACION-DE-LA-CANTINA-EL-SAUCEDAL-1.pdf\"><strong>VER \/ DESCARGAR <\/strong>PLIEGO DE CONDICIONES<\/a><\/div>\n<\/div>\n\n\n\n<h6 class=\"wp-block-heading\"><strong>Cotejo de precios &#8211; Cantina venta de Comida &#8211; Festival del Minero<\/strong> 2025<\/h6>\n\n\n\n<div class=\"wp-block-buttons is-layout-flex wp-block-buttons-is-layout-flex\">\n<div class=\"wp-block-button\"><a class=\"wp-block-button__link wp-element-button\" href=\"https:\/\/piedrasblancas.gob.ar\/wp-content\/uploads\/2025\/01\/CONCURSO-DE-PRECIOS-COMIDA.pdf\"><strong>VER \/ DESCARGAR <\/strong>PLIEGO DE CONDICIONES<\/a><\/div>\n<\/div>\n\n\n\n<h6 class=\"wp-block-heading\"><strong>Cotejo de precios &#8211; Cantina venta de Bebidas &#8211; Festival del Minero<\/strong> 2025<\/h6>\n\n\n\n<div class=\"wp-block-buttons is-layout-flex wp-block-buttons-is-layout-flex\">\n<div class=\"wp-block-button\"><a class=\"wp-block-button__link wp-element-button\" href=\"https:\/\/piedrasblancas.gob.ar\/wp-content\/uploads\/2025\/01\/CONCURSO-DE-PRECIOS-BEBIDA.pdf\"><strong>VER \/ DESCARGAR <\/strong>PLIEGO DE CONDICIONES<\/a><\/div>\n<\/div>\n\n\n\n<h6 class=\"wp-block-heading\"><strong>Concurso de precios para la explotaci\u00f3n Cantina Camping Piray\u00fa &#8211; Zona Baja<\/strong><\/h6>\n\n\n\n<div class=\"wp-block-buttons is-layout-flex wp-block-buttons-is-layout-flex\">\n<div class=\"wp-block-button\"><a class=\"wp-block-button__link wp-element-button\" href=\"https:\/\/piedrasblancas.gob.ar\/wp-content\/uploads\/2024\/12\/PLIEGO-PIRA-ZONA-BAJA.pdf\"><strong>VER \/ DESCARGAR <\/strong>PLIEGO DE CONDICIONES<\/a><\/div>\n<\/div>\n\n\n\n<h6 class=\"wp-block-heading\">Concurso de precios para la explotaci\u00f3n Cantina Camping Piray\u00fa &#8211; Zona Alta<\/h6>\n\n\n\n<div class=\"wp-block-buttons is-layout-flex wp-block-buttons-is-layout-flex\">\n<div class=\"wp-block-button\"><a class=\"wp-block-button__link wp-element-button\" href=\"https:\/\/piedrasblancas.gob.ar\/wp-content\/uploads\/2024\/10\/PLIEGO-DE-CONDICIONES-PARA-LA-EXPLOTACION-DE-LA-CANTINA-ALTA.pdf\"><strong>VER \/ DESCARGAR <\/strong> PLIEGO DE CONDICIONES<\/a><\/div>\n<\/div>\n\n\n\n<h6 class=\"wp-block-heading\">Concurso de precios para la explotaci\u00f3n Cantina El Saucedal<\/h6>\n\n\n\n<p><\/p>\n\n\n\n<div class=\"wp-block-buttons is-layout-flex wp-block-buttons-is-layout-flex\">\n<div class=\"wp-block-button\"><a class=\"wp-block-button__link wp-element-button\" href=\"https:\/\/piedrasblancas.gob.ar\/wp-content\/uploads\/2024\/10\/PLIEGO-DE-CONDICIONES-PARA-LA-EXPLOTACION-DE-LA-CANTINA-EL-SAUCEDAL-1.pdf\"><strong>VER \/ DESCARGAR <\/strong> PLIEGO DE CONDICIONES<\/a><\/div>\n<\/div>\n\n\n\n<h6 class=\"wp-block-heading\">Concurso de precios para la explotaci\u00f3n de la Cantina Baja<\/h6>\n\n\n\n<div class=\"wp-block-buttons is-layout-flex wp-block-buttons-is-layout-flex\">\n<div class=\"wp-block-button\"><a class=\"wp-block-button__link wp-element-button\" href=\"https:\/\/piedrasblancas.gob.ar\/wp-content\/uploads\/2023\/11\/Pliego-Condiciones-Cantina.pdf\"><strong>VER \/ DESCARGAR <\/strong> PLIEGO DE CONDICIONES<\/a><\/div>\n<\/div>\n\n\n\n<h6 class=\"wp-block-heading\">Cotejo de Precios N\u00b005\/2023 seg\u00fan Dec. N\u00b0105\/2023 para la Adquisici\u00f3n de materiales y construcci\u00f3n de un pozo de agua.<\/h6>\n\n\n\n<div class=\"wp-block-buttons is-layout-flex wp-block-buttons-is-layout-flex\">\n<div class=\"wp-block-button\"><a class=\"wp-block-button__link wp-element-button\" href=\"https:\/\/piedrasblancas.gob.ar\/wp-content\/uploads\/2023\/11\/pliego-de-cotejo-5-pozo.pdf\"><strong>VER \/ DESCARGAR <\/strong> PLIEGO DE CONDICIONES<\/a><\/div>\n<\/div>\n\n\n\n<h6 class=\"wp-block-heading\">Cotejo de Precios N\u00b004\/2023 seg\u00fan Dec. N\u00b098\/2023 para Adquisici\u00f3n de Materiales para la construcci\u00f3n del Consultorio de Atenci\u00f3n Integral, anexado al edificio del C.I.D.<\/h6>\n\n\n\n<div class=\"wp-block-buttons is-layout-flex wp-block-buttons-is-layout-flex\">\n<div class=\"wp-block-button\"><a class=\"wp-block-button__link wp-element-button\" href=\"https:\/\/piedrasblancas.gob.ar\/wp-content\/uploads\/2023\/10\/PLIEGO-COMPRA-DE-MATERIALES-PARA-CONSTRUCCION-DE-CONSULTORIO-DE-ATENCION-INTEGRAL.pdf\"><strong>VER \/ DESCARGAR <\/strong>PLIEGO DE CONDICIONES<\/a><\/div>\n<\/div>\n\n\n\n<h6 class=\"wp-block-heading\">Cotejo de Precios N\u00b003\/2023 seg\u00fan Dec. N\u00b068\/2023 para Adquisici\u00f3n de Alimento Balanceado para Ganado Vacuno<\/h6>\n\n\n\n<div class=\"wp-block-buttons is-layout-flex wp-block-buttons-is-layout-flex\">\n<div class=\"wp-block-button\"><a class=\"wp-block-button__link wp-element-button\" href=\"https:\/\/piedrasblancas.gob.ar\/wp-content\/uploads\/2023\/07\/pliego-de-cotejo-alimento.pdf\"><strong>VER \/ DESCARGAR <\/strong>PLIEGO DE CONDICIONES<\/a><\/div>\n<\/div>\n\n\n\n<h6 class=\"wp-block-heading\"><strong><strong>Concurso de precios para la explotaci\u00f3n de la Cantina Alta Camping Piray\u00fa<\/strong><\/strong><\/h6>\n\n\n\n<div class=\"wp-block-buttons is-layout-flex wp-block-buttons-is-layout-flex\">\n<div class=\"wp-block-button\"><a class=\"wp-block-button__link wp-element-button\" href=\"https:\/\/piedrasblancas.gob.ar\/wp-content\/uploads\/2023\/06\/PLIEGO-DE-CONDICIONES-PARA-LA-EXPLOTACION-DE-LA-CANTINA-ALTA-PIRAYU.pdf\"><strong>VER \/ DESCARGAR <\/strong>PLIEGO DE CONDICIONES<\/a><\/div>\n<\/div>\n\n\n\n<h6 class=\"wp-block-heading\"><strong>Concurso de Precios N\u00b01\/2023 <strong>Concesi\u00f3n de la Proveeduria Comedor del Camping Municipal Saucedal<\/strong><\/strong>.<\/h6>\n\n\n\n<div class=\"wp-block-buttons is-layout-flex wp-block-buttons-is-layout-flex\">\n<div class=\"wp-block-button\"><a class=\"wp-block-button__link wp-element-button\" href=\"https:\/\/piedrasblancas.gob.ar\/wp-content\/uploads\/2023\/05\/PLIEGO-DE-CONDICIONES-PARA-LA-EXPLOTACION-DE-LA-CANTINA-EL-SAUCEDAL23-1.pdf\"><strong>VER \/ DESCARGAR <\/strong>PLIEGO DE CONDICIONES<\/a><\/div>\n<\/div>\n\n\n\n<h6 class=\"wp-block-heading\"><strong><strong>Concurso de precios para la explotaci\u00f3n de la Cantina Alta &#8211; Piray\u00fa (3\u00b0 llamado)<\/strong> <\/strong><\/h6>\n\n\n\n<div class=\"wp-block-buttons is-layout-flex wp-block-buttons-is-layout-flex\">\n<div class=\"wp-block-button\"><a class=\"wp-block-button__link wp-element-button\" href=\"https:\/\/piedrasblancas.gob.ar\/wp-content\/uploads\/2022\/11\/3PLIEGO-DE-CONDICIONES-PARA-LA-EXPLOTACION-DE-LA-CANTINA-PIRAYU-ZONA-ALTA-2.pdf\"><strong>VER \/ DESCARGAR <\/strong>PLIEGO DE CONDICIONES<\/a><\/div>\n<\/div>\n\n\n\n<h6 class=\"wp-block-heading\"><strong>Concurso de precios para la explotaci\u00f3n de la Cantina El Saucedal<\/strong> (2\u00b0 llamado) <\/h6>\n\n\n\n<div class=\"wp-block-buttons is-layout-flex wp-block-buttons-is-layout-flex\">\n<div class=\"wp-block-button\"><a class=\"wp-block-button__link wp-element-button\" href=\"https:\/\/piedrasblancas.gob.ar\/wp-content\/uploads\/2022\/11\/2llamado-PLIEGO-DE-CONDICIONES-PARA-LA-EXPLOTACION-DE-LA-CANTINA-EL-SAUCEDAL.pdf\"><strong>VER \/ DESCARGAR <\/strong>PLIEGO DE CONDICIONES<\/a><\/div>\n<\/div>\n\n\n\n<h6 class=\"wp-block-heading\"><strong> <strong><strong>Licitaci\u00f3n P\u00fablica N\u00b0 7\/2022 \u00abAdquisici\u00f3n de Retropala 0KM\u00bb<\/strong><\/strong> <\/strong><\/h6>\n\n\n\n<div class=\"wp-block-buttons is-layout-flex wp-block-buttons-is-layout-flex\">\n<div class=\"wp-block-button\"><a class=\"wp-block-button__link wp-element-button\" href=\"https:\/\/piedrasblancas.gob.ar\/wp-content\/uploads\/2022\/11\/pliego-lic-publica-7-retropala-2022.pdf\"><strong>VER \/ DESCARGAR <\/strong>PLIEGO DE CONDICIONES<\/a><\/div>\n<\/div>\n\n\n\n<h6 class=\"wp-block-heading\"> <strong>Concurso de precios para la explotaci\u00f3n de la Cantina Alta (segundo llamado)<\/strong><\/h6>\n\n\n\n<div class=\"wp-block-buttons is-layout-flex wp-block-buttons-is-layout-flex\">\n<div class=\"wp-block-button\"><a class=\"wp-block-button__link wp-element-button\" href=\"https:\/\/piedrasblancas.gob.ar\/wp-content\/uploads\/2022\/10\/2llamadoPLIEGO-DE-CONDICIONES-PARA-LA-EXPLOTACION-DE-LA-CANTINA-ALTA-2.pdf\"><strong>VER \/ DESCARGAR <\/strong>PLIEGO DE CONDICIONES<\/a><\/div>\n<\/div>\n\n\n\n<h6 class=\"wp-block-heading\"> <strong>Concurso de precios para la explotaci\u00f3n de la Cantina Baja (segundo llamado)<\/strong><\/h6>\n\n\n\n<div class=\"wp-block-buttons is-layout-flex wp-block-buttons-is-layout-flex\">\n<div class=\"wp-block-button\"><a class=\"wp-block-button__link wp-element-button\" href=\"https:\/\/piedrasblancas.gob.ar\/wp-content\/uploads\/2022\/10\/2llamadoPLIEGO-DE-CONDICIONES-PARA-LA-EXPLOTACION-DE-LA-CANTINA-BAJA.pdf\"><strong>VER \/ DESCARGAR <\/strong>PLIEGO DE CONDICIONES<\/a><\/div>\n<\/div>\n\n\n\n<h6 class=\"wp-block-heading\"><strong>Concurso de precios para la explotaci\u00f3n de la Cantina Alta<\/strong><\/h6>\n\n\n\n<div class=\"wp-block-buttons is-layout-flex wp-block-buttons-is-layout-flex\">\n<div class=\"wp-block-button\"><a class=\"wp-block-button__link wp-element-button\" href=\"https:\/\/piedrasblancas.gob.ar\/wp-content\/uploads\/2022\/10\/PLIEGO-DE-CONDICIONES-PARA-LA-EXPLOTACION-DE-LA-CANTINA-ALTA-.pdf\"><strong>VER \/ DESCARGAR <\/strong>PLIEGO DE CONDICIONES<\/a><\/div>\n<\/div>\n\n\n\n<h6 class=\"wp-block-heading\"><strong>Concurso de precios para la explotaci\u00f3n de la Cantina Baja<\/strong><\/h6>\n\n\n\n<div class=\"wp-block-buttons is-layout-flex wp-block-buttons-is-layout-flex\">\n<div class=\"wp-block-button\"><a class=\"wp-block-button__link wp-element-button\" href=\"https:\/\/piedrasblancas.gob.ar\/wp-content\/uploads\/2022\/10\/PLIEGO-DE-CONDICIONES-PARA-LA-EXPLOTACION-DE-LA-CANTINA-BAJA.pdf\"><strong>VER \/ DESCARGAR <\/strong>PLIEGO DE CONDICIONES<\/a><\/div>\n<\/div>\n\n\n\n<h6 class=\"wp-block-heading\"><strong>Concurso de precios para la explotaci\u00f3n de la Cantina El Saucedal<\/strong><\/h6>\n\n\n\n<div class=\"wp-block-buttons is-layout-flex wp-block-buttons-is-layout-flex\">\n<div class=\"wp-block-button\"><a class=\"wp-block-button__link wp-element-button\" href=\"https:\/\/piedrasblancas.gob.ar\/wp-content\/uploads\/2022\/10\/PLIEGO-DE-CONDICIONES-PARA-LA-EXPLOTACION-DE-LA-CANTINA-EL-SAUCEDAL.pdf\"><strong>VER \/ DESCARGAR <\/strong>PLIEGO DE CONDICIONES<\/a><\/div>\n<\/div>\n\n\n\n<h6 class=\"wp-block-heading\"><strong><strong>Licitaci\u00f3n P\u00fablica N\u00b0 6\/2022 \u00abAdquisici\u00f3n de Retropala 0KM\u00bb<\/strong><\/strong> <\/h6>\n\n\n\n<div class=\"wp-block-buttons is-layout-flex wp-block-buttons-is-layout-flex\">\n<div class=\"wp-block-button\"><a class=\"wp-block-button__link wp-element-button\" href=\"https:\/\/piedrasblancas.gob.ar\/wp-content\/uploads\/2022\/09\/pliego-lic-publica-6-retropala-2022.pdf\"><strong>VER \/ DESCARGAR <\/strong>PLIEGO LICITACION<\/a><\/div>\n<\/div>\n\n\n\n<h6 class=\"wp-block-heading\"><strong><strong>Licitaci\u00f3n P\u00fablica N\u00b0 5\/2022 \u00abPavimento Acceso Principal de Piedras Blancas\u00bb<\/strong> <\/strong><\/h6>\n\n\n\n<div class=\"wp-block-buttons is-layout-flex wp-block-buttons-is-layout-flex\">\n<div class=\"wp-block-button\"><a class=\"wp-block-button__link wp-element-button\" href=\"https:\/\/piedrasblancas.gob.ar\/?page_id=1434\"> <strong>VER \/ DESCARGAR <\/strong>PLIEGO LICITACION <\/a><\/div>\n<\/div>\n\n\n\n<h6 class=\"wp-block-heading\"><strong><strong>Licitaci\u00f3n P\u00fablica N\u00b0 4\/2022 \u00abAdquisici\u00f3n Camioneta 0KM\u00bb<\/strong><\/strong> <\/h6>\n\n\n\n<div class=\"wp-block-buttons is-layout-flex wp-block-buttons-is-layout-flex\">\n<div class=\"wp-block-button\"><a class=\"wp-block-button__link wp-element-button\" href=\"https:\/\/piedrasblancas.gob.ar\/wp-content\/uploads\/2022\/08\/pliego-lic-publica-4-camioneta-2022-ORIGINAL-1.pdf\"><strong>VER \/ DESCARGAR <\/strong>PLIEGO LICITACION<\/a><\/div>\n<\/div>\n\n\n\n<h6 class=\"wp-block-heading\"><strong><strong>Licitaci\u00f3n P\u00fablica N\u00b0 3\/2022 \u00abAdquisici\u00f3n de Retropala 0KM\u00bb<\/strong>   <\/strong><\/h6>\n\n\n\n<div class=\"wp-block-buttons is-layout-flex wp-block-buttons-is-layout-flex\">\n<div class=\"wp-block-button\"><a class=\"wp-block-button__link wp-element-button\" href=\"https:\/\/piedrasblancas.gob.ar\/wp-content\/uploads\/2022\/08\/pliego-lic-publica-3-retropala-2022-.pdf\"><strong>VER \/ DESCARGAR <\/strong>PLIEGO LICITACION<\/a><\/div>\n<\/div>\n\n\n\n<h6 class=\"wp-block-heading\"><strong>Licitaci\u00f3n P\u00fablica N\u00b0 2\/2022 \u00abPavimento Acceso Principal de Piedras Blancas\u00bb<\/strong>  <\/h6>\n\n\n\n<div class=\"wp-block-buttons is-layout-flex wp-block-buttons-is-layout-flex\">\n<div class=\"wp-block-button\"><a class=\"wp-block-button__link wp-element-button\" href=\"https:\/\/piedrasblancas.gob.ar\/?page_id=1434\"><strong>VER \/ DESCARGAR <\/strong>PLIEGO LICITACION<\/a><\/div>\n<\/div>\n\n\n\n<h6 class=\"wp-block-heading\">Licitaci\u00f3n P\u00fablica N\u00b0 1\/2022 \u00abRed Colectora Cloacal Barrio El Progreso\u00bb<\/h6>\n\n\n\n<div class=\"wp-block-buttons is-layout-flex wp-block-buttons-is-layout-flex\">\n<div class=\"wp-block-button\"><a class=\"wp-block-button__link wp-element-button\" href=\"https:\/\/piedrasblancas.gob.ar\/wp-content\/uploads\/2022\/01\/PLIEGOS-LICITACION-CLOACA.pdf\"><strong>VER \/ DESCARGAR <\/strong>PLIEGO LICITACION<\/a><\/div>\n<\/div>\n\n\n\n<div class=\"wp-block-buttons is-layout-flex wp-block-buttons-is-layout-flex\">\n<div class=\"wp-block-button\"><a class=\"wp-block-button__link wp-element-button\" href=\"https:\/\/piedrasblancas.gob.ar\/?page_id=1129(abre en una nueva pesta\u00f1a)\"><strong>VER \/ DESCARGAR <\/strong>TRANSPARENCIA GUBERNAMENTAL<\/a><\/div>\n<\/div>\n\n\n\n<div class=\"wp-block-buttons is-layout-flex wp-block-buttons-is-layout-flex\">\n<div class=\"wp-block-button\"><a class=\"wp-block-button__link wp-element-button\" href=\"https:\/\/piedrasblancas.gob.ar\/?page_id=1774\"><strong>VER \/ DESCARGAR <\/strong>GALER\u00cdA DE IM\u00c1GENES<\/a><\/div>\n<\/div>\n\n\n\n<h6 class=\"wp-block-heading\">Cotejo N\u00b0 5\/2021 \u00abConcesi\u00f3n de la Proveedur\u00eda del Camping Municipal Piray\u00fa (zona baja)\u00bb (segundo llamado) <\/h6>\n\n\n\n<div class=\"wp-block-buttons is-layout-flex wp-block-buttons-is-layout-flex\">\n<div class=\"wp-block-button\"><a class=\"wp-block-button__link wp-element-button\" href=\"https:\/\/piedrasblancas.gob.ar\/wp-content\/uploads\/2021\/12\/PLIEGOCANTINA-BAJA2.pdf\"><strong>VER \/ DESCARGAR <\/strong>PLIEGO COTEJO<\/a><\/div>\n<\/div>\n\n\n\n<h6 class=\"wp-block-heading\">Cotejo N\u00b0 4\/2021 \u00abConcesi\u00f3n de la Cantina Comedor del Camping Municipal Piray\u00fa (zona alta)\u00bb<\/h6>\n\n\n\n<div class=\"wp-block-buttons is-layout-flex wp-block-buttons-is-layout-flex\">\n<div class=\"wp-block-button\"><a class=\"wp-block-button__link wp-element-button\" href=\"https:\/\/piedrasblancas.gob.ar\/wp-content\/uploads\/2021\/11\/PLIEGO-CANTINA-ALTA.pdf\"><strong>VER \/ DESCARGAR <\/strong>PLIEGO COTEJO<\/a><\/div>\n<\/div>\n\n\n\n<h6 class=\"wp-block-heading\">Cotejo N\u00b0 3\/2021 \u00abConcesi\u00f3n de la Proveedur\u00eda del Camping Municipal Piray\u00fa (zona baja)\u00bb <\/h6>\n\n\n\n<div class=\"wp-block-buttons is-layout-flex wp-block-buttons-is-layout-flex\">\n<div class=\"wp-block-button\"><a class=\"wp-block-button__link wp-element-button\" href=\"https:\/\/piedrasblancas.gob.ar\/wp-content\/uploads\/2021\/11\/PLIEGOCANTINA-BAJA.pdf\"><strong>VER \/ DESCARGAR <\/strong>PLIEGO COTEJO<\/a><\/div>\n<\/div>\n\n\n\n<h6 class=\"wp-block-heading\">Licitacion p\u00fablica 1\/2021&#8243;Ampliaci\u00f3n y optimizaci\u00f3n de la red distribuidora de agua potable en barrio El Progreso\u00bb<\/h6>\n\n\n\n<div class=\"wp-block-columns is-layout-flex wp-container-core-columns-is-layout-9d6595d7 wp-block-columns-is-layout-flex\">\n<div class=\"wp-block-column is-layout-flow wp-block-column-is-layout-flow\" style=\"flex-basis:100%\">\n<div class=\"wp-block-group\"><div class=\"wp-block-group__inner-container is-layout-flow wp-block-group-is-layout-flow\">\n<div class=\"wp-block-buttons is-layout-flex wp-block-buttons-is-layout-flex\">\n<div class=\"wp-block-button is-style-fill\"><a class=\"wp-block-button__link wp-element-button\" href=\"https:\/\/piedrasblancas.gob.ar\/wp-content\/uploads\/2021\/10\/PLIEGOS-COMPLETOS.pdf\">PLIEGO LICITACI\u00d3N<\/a><\/div>\n\n\n\n<div class=\"wp-block-button is-style-fill\"><a class=\"wp-block-button__link wp-element-button\" href=\"https:\/\/piedrasblancas.gob.ar\/?page_id=915\">TRANSPARENCIA GUBERNAMENTAL<\/a><\/div>\n<\/div>\n<\/div><\/div>\n<\/div>\n<\/div>\n\n\n\n<div class=\"wp-block-buttons is-layout-flex wp-block-buttons-is-layout-flex\">\n<div class=\"wp-block-button\"><a class=\"wp-block-button__link wp-element-button\" href=\"https:\/\/piedrasblancas.gob.ar\/?page_id=1758\">GALERIA DE IM\u00c1GENES<\/a><\/div>\n<\/div>\n","protected":false},"excerpt":{"rendered":"<p>Cotejo de precios 6\/2025- Concesi\u00f3n y Explotaci\u00f3n Cantina de El Saucedal Cotejo de precios 5\/2025- Concesi\u00f3n y Explotaci\u00f3n Cantina de El Saucedal Cotejo de precios 4\/2025- Concesi\u00f3n y Explotaci\u00f3n Cantina de El Saucedal Cotejo de precios &#8211; Cantina venta de Comida &#8211; Festival del Minero 2025 Cotejo de precios &#8211; Cantina venta de Bebidas &#8211; Festival del Minero 2025 Concurso de precios para la explotaci\u00f3n Cantina Camping Piray\u00fa &#8211; Zona Baja Concurso de precios para la explotaci\u00f3n Cantina Camping Piray\u00fa [&hellip;]<\/p>\n","protected":false},"author":1,"featured_media":0,"parent":0,"menu_order":0,"comment_status":"closed","ping_status":"closed","template":"","meta":{"saved_in_kubio":true,"footnotes":""},"class_list":["post-739","page","type-page","status-publish","hentry","travel-monster-post","no-post-thumbnail","latest_post"],"kubio_ai_page_context":{"short_desc":"","purpose":"general"},"_links":{"self":[{"href":"https:\/\/piedrasblancas.gob.ar\/index.php?rest_route=\/wp\/v2\/pages\/739","targetHints":{"allow":["GET"]}}],"collection":[{"href":"https:\/\/piedrasblancas.gob.ar\/index.php?rest_route=\/wp\/v2\/pages"}],"about":[{"href":"https:\/\/piedrasblancas.gob.ar\/index.php?rest_route=\/wp\/v2\/types\/page"}],"author":[{"embeddable":true,"href":"https:\/\/piedrasblancas.gob.ar\/index.php?rest_route=\/wp\/v2\/users\/1"}],"replies":[{"embeddable":true,"href":"https:\/\/piedrasblancas.gob.ar\/index.php?rest_route=%2Fwp%2Fv2%2Fcomments&post=739"}],"version-history":[{"count":91,"href":"https:\/\/piedrasblancas.gob.ar\/index.php?rest_route=\/wp\/v2\/pages\/739\/revisions"}],"predecessor-version":[{"id":4937,"href":"https:\/\/piedrasblancas.gob.ar\/index.php?rest_route=\/wp\/v2\/pages\/739\/revisions\/4937"}],"wp:attachment":[{"href":"https:\/\/piedrasblancas.gob.ar\/index.php?rest_route=%2Fwp%2Fv2%2Fmedia&parent=739"}],"curies":[{"name":"wp","href":"https:\/\/api.w.org\/{rel}","templated":true}]}}