{"id":19,"date":"2020-12-04T22:44:37","date_gmt":"2020-12-04T22:44:37","guid":{"rendered":"http:\/\/piedrasblancas-gob-ar-843854.hostingersite.com\/?page_id=19"},"modified":"2025-01-28T11:42:39","modified_gmt":"2025-01-28T14:42:39","slug":"gobierno","status":"publish","type":"page","link":"https:\/\/piedrasblancas.gob.ar\/?page_id=19","title":{"rendered":"Gobierno"},"content":{"rendered":"\n<p><strong>PODER EJECUTIVO<\/strong><\/p>\n\n\n\n<p><strong>INTENDENTE<\/strong><\/p>\n\n\n\n<p>&#8211; Jorge Fabricio Mesquida<\/p>\n\n\n\n<p><strong>VICE INTENDENTA<\/strong><\/p>\n\n\n\n<p>&#8211; Mar\u00eda Laura Ibarra<\/p>\n\n\n\n<p><\/p>\n\n\n\n<hr class=\"wp-block-separator has-css-opacity is-style-wide\"\/>\n\n\n\n<p><strong>SECRETAR\u00cdAS<\/strong><\/p>\n\n\n\n<p><strong>SECRETARIO DE GOBIERNO, DESARROLLO SOCIAL Y DEPORTE<\/strong><\/p>\n\n\n\n<p>&#8211; Alberto Goro<\/p>\n\n\n\n<p><\/p>\n\n\n\n<p><strong>SECRETARIO DE TURISMO, PRODUCCION Y CULTURA<\/strong><\/p>\n\n\n\n<p>&#8211; Mat\u00edas Mesquida<\/p>\n\n\n\n<p><\/p>\n\n\n\n<p><strong> SECRETARIO DE SALUD Y PROMOCI\u00d3N DE LA EDUCACI\u00d3N<\/strong><\/p>\n\n\n\n<p>&#8211; Francisco Varela<\/p>\n\n\n\n<hr class=\"wp-block-separator has-css-opacity is-style-dots\"\/>\n\n\n\n<hr class=\"wp-block-separator has-css-opacity is-style-wide\"\/>\n","protected":false},"excerpt":{"rendered":"<p>PODER EJECUTIVO INTENDENTE &#8211; Jorge Fabricio Mesquida VICE INTENDENTA &#8211; Mar\u00eda Laura Ibarra SECRETAR\u00cdAS SECRETARIO DE GOBIERNO, DESARROLLO SOCIAL Y DEPORTE &#8211; Alberto Goro SECRETARIO DE TURISMO, PRODUCCION Y CULTURA &#8211; Mat\u00edas Mesquida SECRETARIO DE SALUD Y PROMOCI\u00d3N DE LA EDUCACI\u00d3N &#8211; Francisco Varela<\/p>\n","protected":false},"author":1,"featured_media":0,"parent":0,"menu_order":0,"comment_status":"closed","ping_status":"closed","template":"","meta":{"saved_in_kubio":true,"footnotes":""},"class_list":["post-19","page","type-page","status-publish","hentry","travel-monster-post","no-post-thumbnail","latest_post"],"kubio_ai_page_context":{"short_desc":"","purpose":"general"},"_links":{"self":[{"href":"https:\/\/piedrasblancas.gob.ar\/index.php?rest_route=\/wp\/v2\/pages\/19","targetHints":{"allow":["GET"]}}],"collection":[{"href":"https:\/\/piedrasblancas.gob.ar\/index.php?rest_route=\/wp\/v2\/pages"}],"about":[{"href":"https:\/\/piedrasblancas.gob.ar\/index.php?rest_route=\/wp\/v2\/types\/page"}],"author":[{"embeddable":true,"href":"https:\/\/piedrasblancas.gob.ar\/index.php?rest_route=\/wp\/v2\/users\/1"}],"replies":[{"embeddable":true,"href":"https:\/\/piedrasblancas.gob.ar\/index.php?rest_route=%2Fwp%2Fv2%2Fcomments&post=19"}],"version-history":[{"count":20,"href":"https:\/\/piedrasblancas.gob.ar\/index.php?rest_route=\/wp\/v2\/pages\/19\/revisions"}],"predecessor-version":[{"id":4592,"href":"https:\/\/piedrasblancas.gob.ar\/index.php?rest_route=\/wp\/v2\/pages\/19\/revisions\/4592"}],"wp:attachment":[{"href":"https:\/\/piedrasblancas.gob.ar\/index.php?rest_route=%2Fwp%2Fv2%2Fmedia&parent=19"}],"curies":[{"name":"wp","href":"https:\/\/api.w.org\/{rel}","templated":true}]}}

<p><strong>PODER EJECUTIVO</strong></p>



<p><strong>INTENDENTE</strong></p>



<p>&#8211; Jorge Fabricio Mesquida</p>



<p><strong>VICE INTENDENTA</strong></p>



<p>&#8211; María Laura Ibarra</p>



<p></p>



<hr class="wp-block-separator has-css-opacity is-style-wide"/>



<p><strong>SECRETARÍAS</strong></p>



<p><strong>SECRETARIO DE GOBIERNO, DESARROLLO SOCIAL Y DEPORTE</strong></p>



<p>&#8211; Alberto Goro</p>



<p></p>



<p><strong>SECRETARIO DE TURISMO, PRODUCCION Y CULTURA</strong></p>



<p>&#8211; Matías Mesquida</p>



<p></p>



<p><strong> SECRETARIO DE SALUD Y PROMOCIÓN DE LA EDUCACIÓN</strong></p>



<p>&#8211; Francisco Varela</p>



<hr class="wp-block-separator has-css-opacity is-style-dots"/>



<hr class="wp-block-separator has-css-opacity is-style-wide"/>

<p>PODER EJECUTIVO INTENDENTE &#8211; Jorge Fabricio Mesquida VICE INTENDENTA &#8211; María Laura Ibarra SECRETARÍAS SECRETARIO DE GOBIERNO, DESARROLLO SOCIAL Y DEPORTE &#8211; Alberto Goro SECRETARIO DE TURISMO, PRODUCCION Y CULTURA &#8211; Matías Mesquida SECRETARIO DE SALUD Y PROMOCIÓN DE LA EDUCACIÓN &#8211; Francisco Varela</p>
